 tens digit of v?
8
Let m be 300/78 - (-4)/26. Suppose 244 = 2*v - m*z, 2*z + 8 = -0. What is the tens digit of v?
1
Suppose -2*a + 0*a = 206. Let q be (4 - 1)/(-1) - (-129 + -18). Let z = a + q. What is the units digit of z?
1
Let h(f) = -f**3 - 6*f**2 + f + 8. Let c be h(-6). Let p = -1 - c. What is the units digit of -12*((-9)/(-6))/p?
6
Suppose 115*p - 492 = 113*p. Suppose -4*l + 4*w = -2*l - p, 5*w + 241 = 2*l. What is the units digit of l?
3
Let u = 134 - 134. Suppose 5*y + 8*y - 767 = u. What is the units digit of y?
9
Suppose -5*i - 2*q - 79 = 0, -3*i - q - 23 - 25 = 0. Suppose 0 = -11*y + 12*y + 2. Let f = y - i. What is the tens digit of f?
1
What is the units digit of (3 - (-939)/21) + 2/7?
8
Let y = 26 - 18. Suppose 0 = -y*n - 54 + 262. What is the units digit of n?
6
Suppose 14211 = 171*l - 162*l. What is the hundreds digit of l?
5
Suppose 6*n = 5*n + 3. Suppose -n*h = -285 - 360. What is the tens digit of h?
1
Let m = -15 - -14. What is the tens digit of 1 + (-3 - -2) + m + 50?
4
Suppose 4*x + 5*k - 32 = 0, -4*x - 2*k = 2 - 22. Suppose u + 19 - x = 2*p, 2*u = -4*p. Let r(o) = o + 14. What is the units digit of r(u)?
6
Let h = 490 - 431. What is the tens digit of h?
5
Suppose 79*w - 33544 = 82191. What is the hundreds digit of w?
4
Let m be 8/(2/2) + (-24)/8. Suppose -m*c + 395 = -5*b, 247 = 3*c - 7*b + 2*b. What is the tens digit of c?
7
Let m = -29 + 33. Suppose -76 = m*o - 6*o. What is the units digit of o?
8
Let j = -17 - -18. Let g(l) = -l - 2. Let q be g(j). What is the units digit of (q - -2)*603/(-9)?
7
Let v(o) = o**2 + 14*o + 16. Let x be v(-13). What is the units digit of 12/(-18) + 179/x?
9
Suppose 2*f = 5*k + 1680 + 128, f - 893 = -3*k. What is the units digit of f?
9
Suppose 48 = -3*c + 147. Suppose -6*h + 87 + c = 0. What is the units digit of h?
0
Let u = 629 + -305. What is the units digit of u?
4
What is the hundreds digit of (-1 + 6)*3414/10?
7
Suppose 0 = 10*q - 5*q + 3060. Let d(b) = b**2 + 12*b + 14. Let k be d(-12). What is the units digit of q/(-14) - k/(-49)?
4
Suppose 2 = c - 3*c. Let t be (-10)/2*1*c. Suppose u - 4 = -b + 20, -3*b + t*u = -32. What is the tens digit of b?
1
What is the hundreds digit of (-17)/(-102) - 11/(-6) - -4725?
7
Suppose -3*k = -39*k + 12528. What is the tens digit of k?
4
Let h(w) = w**2 + w. Let s be h(0). Suppose -8*j + 462 - 142 = s. What is the tens digit of j?
4
What is the tens digit of (-15)/35 - (-22757)/49?
6
Suppose 5*p + 4*a = 4104, -32*p + 4*a + 3312 = -28*p. What is the units digit of p?
4
Suppose -356*n = -353*n - 1356. What is the units digit of n?
2
Suppose 9*d - 7*d - 32 = 0. Suppose -5*z + 6*z - d = 0. What is the units digit of z?
6
Suppose 5*b - 13 + 39 = -2*k, 0 = k - 5*b - 17. Let u be (-4 - k)/((-6)/18). What is the units digit of 7/(-21) - (-25)/u?
8
Let f = 9 + -15. Let z = f + 8. What is the tens digit of 8/((-3)/(-18)*z)?
2
Suppose 0*y = -5*b - 3*y + 73, 0 = 5*b - 4*y - 66. Let i = 22 + -13. Let m = b - i. What is the units digit of m?
5
Let m(z) = z**3 - 12*z**2 + 5*z + 23. Let c be (-5 + -45)/(-5) + 2. What is the tens digit of m(c)?
8
Let h(r) = r**2 + r - 5. Suppose 3*j - 32 = 7*j. Let b be h(j). Let q = b + -11. What is the tens digit of q?
4
Let x be ((-5)/(-2))/((-3)/(-6)). Suppose 0 = -x*u + 168 + 187. What is the units digit of u?
1
Let h(z) = 2*z**2 - 14*z + 13. Let p be h(6). Let f be (0/p)/(-6 + 7). Suppose 4*b - 110 - 154 = f. What is the tens digit of b?
6
Let j = 5 - 3. Let q(k) = -k**2 - 26*k - 25. Let m be q(-25). Suppose g + 5*z = 5, j + m = -2*z. What is the units digit of g?
0
Let x(l) = -88*l - 7. Let r be x(-3). Suppose 1061 - r = 4*d. What is the hundreds digit of d?
2
Suppose 2*f = -3 + 13. Suppose -4*i - f = -5*i. Let z(m) = -m**3 + 5*m**2 + 7*m + 2. What is the tens digit of z(i)?
3
What is the tens digit of -7*20/25*-5?
2
Let b be (3 - 0)*(-4053)/(-63). Let f = b + -104. What is the units digit of f?
9
Let j(d) = -d**3 - 9*d**2 - 19*d + 7. What is the tens digit of j(-12)?
6
Let j = 13 - 13. Suppose -5*v - 2*y + 29 = j, 4 = 3*v - 5*y - 1. What is the tens digit of v + -5 + (1 - -33)?
3
Let c(n) = 5*n**2 - 5*n + 4. Let o(p) = p**2 + p - 1. Let k(t) = c(t) + 2*o(t). Let a be k(2). Let b = a + -12. What is the tens digit of b?
1
Let d(q) = -91*q - 194. What is the thousands digit of d(-19)?
1
Let c(v) = 2*v**2 + 9*v + 2. Let n be c(-9). Suppose 0 = 4*h + 12, -h + n - 476 = -5*j. What is the units digit of j?
8
Let r(v) = 10*v**2 - v - 14. Let b = 30 - 25. Let n be r(b). What is the units digit of n/(-28)*4/(-1)?
3
Suppose 1012 = 2*t - 4*c, -c + 1988 = 4*t - 0*c. Let u = -356 + t. Suppose -3*g = -u + 34. What is the tens digit of g?
3
Suppose 4*n - 4 = 0, -a = 3*n - n + 33. Let u = -32 + a. Let l = u - -122. What is the tens digit of l?
5
Suppose -7121 = -21*t - 170. What is the hundreds digit of t?
3
Let m = -2058 - -3126. What is the units digit of m?
8
Suppose -8*d - 1 = -17. Suppose 3*j = -d*j - 4*h + 48, 5*j + 3*h - 46 = 0. What is the tens digit of (19/(-2))/(j/(-48))?
5
Let g be 0/((-6)/2) + 3. Let f be g/1 + -5 + -33. What is the units digit of f/(-4) - (-4)/16?
9
Let c(i) = i**3 + 15*i**2 - i - 11. Let p be c(-15). Let z(a) = -a**3 + 8*a**2 - a + 3. What is the units digit of z(p)?
3
Let i = -107 - -115. Let y = i - -30. What is the tens digit of y?
3
Let z be -2*((-9)/(-6) + 0). What is the units digit of -2 + z + 1 + 5?
1
Let d = -1805 - -4678. What is the tens digit of d?
7
Suppose -37411 = 52*u - 71*u. What is the tens digit of u?
6
Let v = 413 - 279. Let o = v + -118. What is the units digit of o?
6
Let b be (-1)/(2*(-4)/8). Suppose 3*z = 5*q + 35, b = -5*z - 2*q + 18. Suppose 4*c - 54 = -3*x, 0 - z = -x + 3*c. What is the tens digit of x?
1
Let j(t) = 280*t**3 + t**2 + t. Let v be j(1). Suppose -3*b - 3*b + v = 0. What is the tens digit of b?
4
Let q(l) = 16*l + 15. Let b be q(23). Let f = 557 - b. What is the hundreds digit of f?
1
Let j(w) = -w**3 - 10*w**2 - 3*w + 10. Let n be j(-10). Suppose 46 = 2*l - n. What is the tens digit of l?
4
Suppose 3*k + 9 = 0, -2184 = -3*f - k - 444. What is the units digit of f?
1
Let y(h) = 69*h + 1. Let q be (-13)/(-7) + (-18)/(-126). Let d be y(q). Suppose -5*o = -d + 49. What is the tens digit of o?
1
Let x = -9 - -15. Suppose 0 = 3*m + m - 112. Let d = m - x. What is the tens digit of d?
2
Suppose 2*r - 27 - 1 = 2*n, 0 = 3*r + 4*n - 14. Suppose -6*g - 644 = -r*g. What is the units digit of g?
1
Suppose h = -2*h. Suppose -5*m - 5 = -c - 16, -c - 2*m + 17 = h. What is the units digit of (6/c)/((-4)/(-246))?
1
Let g(w) = -w**2 - 1. Let f be g(-3). Let v be (-7)/14 + 171/(-2). What is the tens digit of f/35 - v/7?
1
Suppose 2*c - 402 = -2*b, 4*b - 3*c + 191 = 5*b. What is the hundreds digit of b?
2
Let r(l) be the third derivative of -l**5/60 - l**4/3 + l**3 - l**2. Let k be ((-16)/(-60))/(-2) - 103/15. What is the units digit of r(k)?
3
Suppose 92 = 3*i + i. Suppose 27*g = i*g + 244. Let h = g - 42. What is the tens digit of h?
1
What is the hundreds digit of 3771/6 - (-105)/70?
6
Let v = -3539 - -5158. What is the tens digit of v?
1
Let o(l) = -l**2 - 10*l + 4. Let q be o(-9). Suppose 26 = q*t - 0. What is the units digit of t?
2
Let x(p) = -p**3 - 8*p**2 + 8*p. Let m be x(-11). Let n = m - 87. What is the hundreds digit of n?
1
Let f(s) = -65*s**3 + s**2 - 17*s - 1. What is the hundreds digit of f(-3)?
8
Let q(p) = -4*p - 8*p - 13 + 5*p + 2*p. What is the units digit of q(-8)?
7
Let g(f) = 2*f**3 - 7*f**2 + 12*f - 78. What is the hundreds digit of g(11)?
8
Suppose -3*o + 6*o = 9. Suppose -o*u + y = 218, -u - 82 = y - 6*y. What is the tens digit of ((-6)/8)/(3/u)?
1
Suppose -2*m = 4*r - 4813 + 175, 4*r - 3*m - 4663 = 0. What is the thousands digit of r?
1
Suppose 2*g + 2*g + 1675 = 3*i, 0 = -i + 2*g + 559. What is the hundreds digit of i?
5
Let r = 6 - 2. Let t(c) = c**2 - 4*c - 14. Let h be t(9). Suppose r*g = -f + 105, h + 98 = 5*g - f. What is the units digit of g?
6
Suppose 0 = 13*c - 12976 + 1380. What is the tens digit of c?
9
Let h(k) = k**2 - 5*k - 3. Let l be h(4). Let a = -11 - l. Let v = 21 - a. What is the units digit of v?
5
Let x(u) = u - 7. Let g be x(9). Suppose -3*n = w + g, -2*w - 2*n = -0*n - 16. What is the tens digit of w?
1
Let u = -62 - -169. What is 